or of 1131?
True
Is 3108 a multiple of 14?
True
Is 171 a factor of 45657?
True
Is 94228 a multiple of 14?
False
Is 1127 a multiple of 27?
False
Does 37 divide 2369?
False
Is 972 a multiple of 12?
True
Does 46 divide 138?
True
Is 18 a factor of 810?
True
Is 925 a multiple of 25?
True
Does 44 divide 7992?
False
Is 2 a factor of 51?
False
Is 42 a factor of 8484?
True
Is 18972 a multiple of 6?
True
Does 116 divide 47676?
True
Does 39 divide 10089?
False
Is 3433 a multiple of 10?
False
Is 8 a factor of 47404?
False
Is 10 a factor of 27130?
True
Is 63 a factor of 17010?
True
Is 18588 a multiple of 12?
True
Is 33 a factor of 5544?
True
Does 24 divide 849?
False
Is 19 a factor of 4840?
False
Is 700 a multiple of 35?
True
Does 41 divide 533?
True
Does 2 divide 106?
True
Is 1193 a multiple of 8?
False
Is 5060 a multiple of 44?
True
Is 1330 a multiple of 17?
False
Is 301 a multiple of 5?
False
Is 22 a factor of 331?
False
Is 800 a multiple of 26?
False
Is 137 a factor of 8126?
False
Does 126 divide 1172?
False
Is 60 a multiple of 4?
True
Does 36 divide 2268?
True
Is 6 a factor of 438?
True
Does 66 divide 13266?
True
Does 62 divide 14083?
False
Is 12 a factor of 745?
False
Does 48 divide 90955?
False
Does 58 divide 4350?
True
Is 9360 a multiple of 45?
True
Does 129 divide 6165?
False
Is 9 a factor of 1399?
False
Is 52 a factor of 16536?
True
Does 11 divide 990?
True
Is 25 a factor of 242?
False
Is 273 a multiple of 6?
False
Is 21908 a multiple of 7?
False
Is 36 a factor of 805?
False
Does 57 divide 3192?
True
Is 11 a factor of 638?
True
Is 440 a multiple of 20?
True
Is 14 a factor of 994?
True
Does 6 divide 43?
False
Is 10562 a multiple of 123?
False
Is 13 a factor of 48171?
False
Is 68 a factor of 1360?
True
Does 5 divide 830?
True
Is 9030 a multiple of 35?
True
Does 33 divide 12891?
False
Is 9018 a multiple of 6?
True
Does 54 divide 108?
True
Is 207 a factor of 60030?
True
Does 23 divide 552?
True
Is 1665 a multiple of 45?
True
Is 3949 a multiple of 15?
False
Is 3 a factor of 95?
False
Does 126 divide 8053?
False
Does 105 divide 1155?
True
Is 13 a factor of 45723?
False
Is 18 a factor of 414?
True
Is 1904 a multiple of 28?
True
Is 32450 a multiple of 40?
False
Is 80 a factor of 17141?
False
Does 17 divide 32819?
False
Does 15 divide 10545?
True
Is 583 a multiple of 38?
False
Is 11 a factor of 196?
False
Is 7052 a multiple of 82?
True
Does 5 divide 1100?
True
Is 7 a factor of 115?
False
Does 18 divide 623?
False
Does 4 divide 756?
True
Is 3 a factor of 13?
False
Is 23 a factor of 1104?
True
Is 1563 a multiple of 16?
False
Does 123 divide 42480?
False
Does 31 divide 1359?
False
Does 5 divide 151?
False
Is 1547 a multiple of 17?
True
Is 11856 a multiple of 125?
False
Is 11 a factor of 1573?
True
Is 107 a factor of 535?
True
Is 6 a factor of 444?
True
Does 40 divide 6600?
True
Is 35891 a multiple of 53?
False
Is 19 a factor of 380?
True
Is 4773 a multiple of 10?
False
Does 3 divide 165?
True
Is 13 a factor of 1391?
True
Is 13 a factor of 49879?
False
Is 32025 a multiple of 15?
True
Does 36 divide 187?
False
Does 15 divide 915?
True
Does 235 divide 35183?
False
Is 54 a factor of 14040?
True
Is 4146 a multiple of 82?
False
Does 56 divide 9210?
False
Is 6 a factor of 226?
False
Is 55 a factor of 32700?
False
Is 119 a multiple of 2?
False
Is 16 a factor of 1312?
True
Does 50 divide 1139?
False
Is 5 a factor of 1911?
False
Is 844 a multiple of 211?
True
Is 121 a factor of 2987?
False
Is 2067 a multiple of 11?
False
Is 75220 a multiple of 20?
True
Is 1762 a multiple of 62?
False
Does 61 divide 382?
False
Is 1960 a multiple of 6?
False
Is 72680 a multiple of 11?
False
Is 11310 a multiple of 15?
True
Is 29 a factor of 4234?
True
Is 209 a multiple of 19?
True
Is 33207 a multiple of 122?
False
Is 30780 a multiple of 237?
False
Is 5778 a multiple of 321?
True
Is 14 a factor of 2982?
True
Is 111 a multiple of 5?
False
Is 101 a factor of 7171?
True
Is 223 a factor of 28481?
False
Does 80 divide 800?
True
Is 3483 a multiple of 9?
True
Does 2 divide 65?
False
Is 25835 a multiple of 20?
False
Is 41782 a multiple of 12?
False
Is 5 a factor of 600?
True
Does 39 divide 66846?
True
Does 13 divide 3458?
True
Is 1681 a multiple of 41?
True
Is 27 a factor of 28423?
False
Does 13 divide 3398?
False
Is 34 a factor of 471?
False
Is 59259 a multiple of 111?
False
Is 1064 a multiple of 19?
True
Does 18 divide 15462?
True
Is 25 a factor of 19919?
False
Is 16 a factor of 336?
True
Is 2121 a multiple of 36?
False
Is 10 a factor of 7740?
True
Is 56 a factor of 560?
True
Is 17 a factor of 5113?
False
Is 1170 a multiple of 31?
False
Is 762 a multiple of 62?
False
Does 8 divide 50?
False
Is 104 a factor of 3309?
False
Is 6 a factor of 828?
True
Is 6 a factor of 2448?
True
Does 67 divide 3216?
True
Is 5 a factor of 25?
True
Does 15 divide 7305?
True
Is 9 a factor of 13671?
True
Is 17 a factor of 340?
True
Is 1220 a multiple of 66?
False
Is 8 a factor of 136?
True
Is 63 a factor of 16444?
False
Does 16 divide 2288?
True
Is 1185 a multiple of 79?
True
Is 1798 a multiple of 58?
True
Is 5 a factor of 2850?
True
Does 53 divide 5088?
True
Is 3 a factor of 141?
True
Does 250 divide 100157?
False
Is 3528 a multiple of 28?
True
Is 181 a factor of 21787?
False
Is 142 a multiple of 10?
False
Is 49 a factor of 11760?
True
Does 8 divide 287?
False
Is 15 a factor of 2820?
True
Does 5 divide 523?
False
Is 1652 a multiple of 81?
False
Does 6 divide 46?
False
Does 38 divide 2033?
False
Is 70 a factor of 852?
False
Is 69462 a multiple of 17?
True
Is 48 a factor of 366?
False
Is 4444 a multiple of 11?
True
Is 289 a factor of 88434?
True
Is 33387 a multiple of 13?
False
Does 6 divide 142?
False
Is 29565 a multiple of 27?
True
Is 26 a factor of 3493?
False
Does 18 divide 11697?
False
Is 97266 a multiple of 87?
True
Is 12747 a multiple of 3?
True
Is 1375 a multiple of 9?
False
Is 20 a factor of 9484?
False
Is 18732 a multiple of 12?
True
Is 17 a factor of 36057?
True
Is 7 a factor of 15975?
False
Does 3 divide 395?
False
Is 16 a factor of 1308?
False
Is 13 a factor of 2977?
True
Does 42 divide 7854?
True
Does 19 divide 4533?
False
Is 2635 a multiple of 17?
True
Is 18 a factor of 12780?
True
Is 4 a factor of 3599?
False
Does 7 divide 1953?
True
Is 119 a multiple of 10?
False
Is 28540 a multiple of 10?
True
Is 96 a factor of 1248?
True
Does 108 divide 6804?
True
Does 21 divide 26901?
True
Does 22 divide 10890?
True
Is 103 a factor of 37464?
False
Is 10991 a multiple of 22?
False
Does 36 divide 21168?
True
Is 11 a factor of 33?
True
Is 43 a factor of 10421?
False
Is 854 a multiple of 122?
True
Is 34 a factor of 28288?
True
Is 179 a factor of 5728?
True
Does 46 divide 4554?
True
Is 135 a multiple of 8?
False
Does 144 divide 2736?
True
Is 61 a factor of 7015?
True
Is 7482 a multiple of 58?
True
Is 11 a factor of 4307?
False
Is 104 a multiple of 3?
False
Is 197 a factor of 10047?
True
Does 11 divide 327?
False
Is 155 a factor of 15368?
False
Is 580 a multiple of 29?
True
Is 1374 a multiple of 100?
False
Does 12 divide 1140?
True
Is 2988 a multiple of 12?
True
Is 15835 a multiple of 5?
True
Is 15 a factor of 5715?
True
Is 1315 a multiple of 30?
False
Is 52 a factor of 7299?
False
Does 13 divide 28036?
False
Is 396 a multiple of 99?
True
Is 17 a factor of 357?
True
Does 45 divide 2098?
False
Is 34 a factor of 1914?
False
Does 8 divide 73015?
False
Is 924 a multiple of 32?
False
Is 1353 a multiple of 41?
True
Does 20 divide 4400?
True
Is 974 a multiple of 89?
False
Does 41 divide 1016?
False
Is 20724 a multiple of 270?
False
Is 2405 a multiple of 13?
True
Does 14 divide 3530?
False
Is 4867 a multiple of 157?
True
Is 28 a factor of 392?
True
Is 24 a factor of 661?
False
Is 299 a multiple of 13?
True
Does 44 divide 2112?
True
Is 14 a factor of 818?
False
Does 25 divide 5498?
False
Is 12 a factor of 132?
True
Is 13 a factor of 5277?
False
Is 20 a factor of 27260?
True
Does 101 divide 1212?
True
Is 12895 a multiple of 13?
False
Is 1904 a multiple of 17?
True
Does 45 divide 15570?
True
Does 285 divide 44829?
False
Is 4 a factor of 22?
False
Is 38 a factor of 1025?
False
Is 6177 a multiple of 59?
False
Is 9846 a multiple of 6?
True
Does 79 divide 1027?
True
Does 29 divide 30744?
False
Is 27081 even?
False
Is 7176 even?
True